[INFO] cloning repository https://github.com/calder/Old-Babel-Router-Rust
[INFO] running `Command { std: "git" "-c" "credential.helper=" "-c" "credential.helper=/workspace/cargo-home/bin/git-credential-null" "clone" "--bare" "https://github.com/calder/Old-Babel-Router-Rust" "/workspace/cache/git-repos/https%3A%2F%2Fgithub.com%2Fcalder%2FOld-Babel-Router-Rust", kill_on_drop: false }`
[INFO] [stderr] Cloning into bare repository '/workspace/cache/git-repos/https%3A%2F%2Fgithub.com%2Fcalder%2FOld-Babel-Router-Rust'...
[INFO] running `Command { std: "git" "rev-parse" "HEAD", kill_on_drop: false }`
[INFO] [stdout] 2caac1b2b8662851ef427fed37fe5ddad502c6d2
[INFO] checking calder/Old-Babel-Router-Rust against master#af3c6e733a40e671550e0f0f5aeecaa13772ba56 for pr-74989
[INFO] running `Command { std: "git" "clone" "/workspace/cache/git-repos/https%3A%2F%2Fgithub.com%2Fcalder%2FOld-Babel-Router-Rust" "/workspace/builds/worker-5/source", kill_on_drop: false }`
[INFO] [stderr] Cloning into '/workspace/builds/worker-5/source'...
[INFO] [stderr] done.
[INFO] validating manifest of git repo https://github.com/calder/Old-Babel-Router-Rust on toolchain af3c6e733a40e671550e0f0f5aeecaa13772ba56
[INFO] running `Command { std: "/workspace/cargo-home/bin/cargo" "+af3c6e733a40e671550e0f0f5aeecaa13772ba56" "read-manifest" "--manifest-path" "Cargo.toml", kill_on_drop: false }`
[INFO] started tweaking git repo https://github.com/calder/Old-Babel-Router-Rust
[INFO] finished tweaking git repo https://github.com/calder/Old-Babel-Router-Rust
[INFO] tweaked toml for git repo https://github.com/calder/Old-Babel-Router-Rust written to /workspace/builds/worker-5/source/Cargo.toml
[INFO] crate git repo https://github.com/calder/Old-Babel-Router-Rust already has a lockfile, it will not be regenerated
[INFO] running `Command { std: "/workspace/cargo-home/bin/cargo" "+af3c6e733a40e671550e0f0f5aeecaa13772ba56" "fetch" "--locked" "--manifest-path" "Cargo.toml", kill_on_drop: false }`
[INFO] [stderr] warning: An explicit [[bin]] section is specified in Cargo.toml which currently
[INFO] [stderr] disables Cargo from automatically inferring other binary targets.
[INFO] [stderr] This inference behavior will change in the Rust 2018 edition and the following
[INFO] [stderr] files will be included as a binary target:
[INFO] [stderr] 
[INFO] [stderr] * /workspace/builds/worker-5/source/src/main.rs
[INFO] [stderr] 
[INFO] [stderr] This is likely to break cargo build or cargo test as these files may not be
[INFO] [stderr] ready to be compiled as a binary target today. You can future-proof yourself
[INFO] [stderr] and disable this warning by adding `autobins = false` to your [package]
[INFO] [stderr] section. You may also move the files to a location where Cargo would not
[INFO] [stderr] automatically infer them to be a target, such as in subfolders.
[INFO] [stderr] 
[INFO] [stderr] For more information on this warning you can consult
[INFO] [stderr] https://github.com/rust-lang/cargo/issues/5330
[INFO] [stderr] warning: path `/workspace/builds/worker-5/source/src/main.rs` was erroneously implicitly accepted for binary `babel-router`,
[INFO] [stderr] please set bin.path in Cargo.toml
[INFO] [stderr]     Blocking waiting for file lock on package cache
[INFO] running `Command { std: "docker" "create" "-v" "/var/lib/crater-agent-workspace/builds/worker-5/target:/opt/rustwide/target:rw,Z" "-v" "/var/lib/crater-agent-workspace/builds/worker-5/source:/opt/rustwide/workdir:ro,Z" "-v" "/var/lib/crater-agent-workspace/cargo-home:/opt/rustwide/cargo-home:ro,Z" "-v" "/var/lib/crater-agent-workspace/rustup-home:/opt/rustwide/rustup-home:ro,Z" "-e" "SOURCE_DIR=/opt/rustwide/workdir" "-e" "CARGO_TARGET_DIR=/opt/rustwide/target" "-e" "CARGO_HOME=/opt/rustwide/cargo-home" "-e" "RUSTUP_HOME=/opt/rustwide/rustup-home" "-w" "/opt/rustwide/workdir" "-m" "1610612736" "--user" "0:0" "--network" "none" "rustops/crates-build-env@sha256:d92eaeed33fa75130ca1ee6c8a01d1ffb62bac859dfdfb3450e3e5d1c0146529" "/opt/rustwide/cargo-home/bin/cargo" "+af3c6e733a40e671550e0f0f5aeecaa13772ba56" "metadata" "--no-deps" "--format-version=1", kill_on_drop: false }`
[INFO] [stdout] c4419841d008b602075eba31de988b3a96ab7419a2dd24a0ec1b1a553f6023c7
[INFO] [stderr] WARNING: Your kernel does not support swap limit capabilities or the cgroup is not mounted. Memory limited without swap.
[INFO] running `Command { std: "docker" "start" "-a" "c4419841d008b602075eba31de988b3a96ab7419a2dd24a0ec1b1a553f6023c7", kill_on_drop: false }`
[INFO] running `Command { std: "docker" "inspect" "c4419841d008b602075eba31de988b3a96ab7419a2dd24a0ec1b1a553f6023c7", kill_on_drop: false }`
[INFO] running `Command { std: "docker" "rm" "-f" "c4419841d008b602075eba31de988b3a96ab7419a2dd24a0ec1b1a553f6023c7", kill_on_drop: false }`
[INFO] [stdout] c4419841d008b602075eba31de988b3a96ab7419a2dd24a0ec1b1a553f6023c7
[INFO] running `Command { std: "docker" "create" "-v" "/var/lib/crater-agent-workspace/builds/worker-5/target:/opt/rustwide/target:rw,Z" "-v" "/var/lib/crater-agent-workspace/builds/worker-5/source:/opt/rustwide/workdir:ro,Z" "-v" "/var/lib/crater-agent-workspace/cargo-home:/opt/rustwide/cargo-home:ro,Z" "-v" "/var/lib/crater-agent-workspace/rustup-home:/opt/rustwide/rustup-home:ro,Z" "-e" "SOURCE_DIR=/opt/rustwide/workdir" "-e" "CARGO_TARGET_DIR=/opt/rustwide/target" "-e" "CARGO_INCREMENTAL=0" "-e" "RUST_BACKTRACE=full" "-e" "RUSTFLAGS=--cap-lints=forbid" "-e" "CARGO_HOME=/opt/rustwide/cargo-home" "-e" "RUSTUP_HOME=/opt/rustwide/rustup-home" "-w" "/opt/rustwide/workdir" "-m" "1610612736" "--user" "0:0" "--network" "none" "rustops/crates-build-env@sha256:d92eaeed33fa75130ca1ee6c8a01d1ffb62bac859dfdfb3450e3e5d1c0146529" "/opt/rustwide/cargo-home/bin/cargo" "+af3c6e733a40e671550e0f0f5aeecaa13772ba56" "check" "--frozen" "--all" "--all-targets" "--message-format=json", kill_on_drop: false }`
[INFO] [stdout] fdac9a375c3cdb4eaca2c62d51857440fda824ce8d9ec7d954380de36ec3dc1a
[INFO] [stderr] WARNING: Your kernel does not support swap limit capabilities or the cgroup is not mounted. Memory limited without swap.
[INFO] running `Command { std: "docker" "start" "-a" "fdac9a375c3cdb4eaca2c62d51857440fda824ce8d9ec7d954380de36ec3dc1a", kill_on_drop: false }`
[INFO] [stderr] warning: An explicit [[bin]] section is specified in Cargo.toml which currently
[INFO] [stderr] disables Cargo from automatically inferring other binary targets.
[INFO] [stderr] This inference behavior will change in the Rust 2018 edition and the following
[INFO] [stderr] files will be included as a binary target:
[INFO] [stderr] 
[INFO] [stderr] * /opt/rustwide/workdir/src/main.rs
[INFO] [stderr] 
[INFO] [stderr] This is likely to break cargo build or cargo test as these files may not be
[INFO] [stderr] ready to be compiled as a binary target today. You can future-proof yourself
[INFO] [stderr] and disable this warning by adding `autobins = false` to your [package]
[INFO] [stderr] section. You may also move the files to a location where Cargo would not
[INFO] [stderr] automatically infer them to be a target, such as in subfolders.
[INFO] [stderr] 
[INFO] [stderr] For more information on this warning you can consult
[INFO] [stderr] https://github.com/rust-lang/cargo/issues/5330
[INFO] [stderr] warning: path `/opt/rustwide/workdir/src/main.rs` was erroneously implicitly accepted for binary `babel-router`,
[INFO] [stderr] please set bin.path in Cargo.toml
[INFO] [stderr]     Checking Babel-Router v0.0.1 (/opt/rustwide/workdir)
[INFO] [stdout] error: invalid suffix `i` for integer literal
[INFO] [stdout]   --> src/main.rs:23:20
[INFO] [stdout]    |
[INFO] [stdout] 23 |     for i in range(0i, numListeners) {
[INFO] [stdout]    |                    ^^ invalid suffix `i`
[INFO] [stdout]    |
[INFO] [stdout]    = help: the suffix must be one of the integral types (`u32`, `isize`, etc)
[INFO] [stdout] 
[INFO] [stdout] 
[INFO] [stdout] error: expected one of `)`, `,`, `.`, `?`, or an operator, found `{`
[INFO] [stdout]   --> src/main.rs:25:22
[INFO] [stdout]    |
[INFO] [stdout] 25 |         spawn(proc() { listen(q) });
[INFO] [stdout]    |                     -^ expected one of `)`, `,`, `.`, `?`, or an operator
[INFO] [stdout]    |                     |
[INFO] [stdout]    |                     help: missing `,`
[INFO] [stdout] 
[INFO] [stdout] 
[INFO] [stdout] error: invalid suffix `i` for integer literal
[INFO] [stdout]   --> src/main.rs:29:20
[INFO] [stdout]    |
[INFO] [stdout] 29 |     for i in range(0i, numSenders) {
[INFO] [stdout]    |                    ^^ invalid suffix `i`
[INFO] [stdout]    |
[INFO] [stdout]    = help: the suffix must be one of the integral types (`u32`, `isize`, etc)
[INFO] [stdout] 
[INFO] [stdout] 
[INFO] [stdout] error: expected one of `)`, `,`, `.`, `?`, or an operator, found `{`
[INFO] [stdout]   --> src/main.rs:31:22
[INFO] [stdout]    |
[INFO] [stdout] 31 |         spawn(proc() { send(q) });
[INFO] [stdout]    |                     -^ expected one of `)`, `,`, `.`, `?`, or an operator
[INFO] [stdout]    |                     |
[INFO] [stdout]    |                     help: missing `,`
[INFO] [stdout] 
[INFO] [stdout] 
[INFO] [stdout] error: invalid suffix `i` for integer literal
[INFO] [stdout]   --> src/main.rs:23:20
[INFO] [stdout]    |
[INFO] [stdout] 23 |     for i in range(0i, numListeners) {
[INFO] [stdout]    |                    ^^ invalid suffix `i`
[INFO] [stdout]    |
[INFO] [stdout]    = help: the suffix must be one of the integral types (`u32`, `isize`, etc)
[INFO] [stdout] 
[INFO] [stdout] 
[INFO] [stdout] error: expected one of `)`, `,`, `.`, `?`, or an operator, found `{`
[INFO] [stdout]   --> src/main.rs:25:22
[INFO] [stdout]    |
[INFO] [stdout] 25 |         spawn(proc() { listen(q) });
[INFO] [stdout]    |                     -^ expected one of `)`, `,`, `.`, `?`, or an operator
[INFO] [stdout]    |                     |
[INFO] [stdout]    |                     help: missing `,`
[INFO] [stdout] 
[INFO] [stdout] 
[INFO] [stdout] error: invalid suffix `i` for integer literal
[INFO] [stdout]   --> src/main.rs:29:20
[INFO] [stdout]    |
[INFO] [stdout] 29 |     for i in range(0i, numSenders) {
[INFO] [stdout]    |                    ^^ invalid suffix `i`
[INFO] [stdout]    |
[INFO] [stdout]    = help: the suffix must be one of the integral types (`u32`, `isize`, etc)
[INFO] [stdout] 
[INFO] [stdout] 
[INFO] [stdout] error: expected one of `)`, `,`, `.`, `?`, or an operator, found `{`
[INFO] [stdout]   --> src/main.rs:31:22
[INFO] [stdout]    |
[INFO] [stdout] 31 |         spawn(proc() { send(q) });
[INFO] [stdout]    |                     -^ expected one of `)`, `,`, `.`, `?`, or an operator
[INFO] [stdout]    |                     |
[INFO] [stdout]    |                     help: missing `,`
[INFO] [stdout] 
[INFO] [stdout] 
[INFO] [stdout] error[E0432]: unresolved import `std::sync::mpmc_bounded_queue`
[INFO] [stdout]  --> src/main.rs:1:16
[INFO] [stdout]   |
[INFO] [stdout] 1 | use std::sync::mpmc_bounded_queue::Queue;
[INFO] [stdout]   |                ^^^^^^^^^^^^^^^^^^ could not find `mpmc_bounded_queue` in `sync`
[INFO] [stdout] 
[INFO] [stdout] 
[INFO] [stdout] error[E0432]: unresolved import `std::sync::mpmc_bounded_queue`
[INFO] [stdout]  --> src/main.rs:1:16
[INFO] [stdout]   |
[INFO] [stdout] 1 | use std::sync::mpmc_bounded_queue::Queue;
[INFO] [stdout]   |                ^^^^^^^^^^^^^^^^^^ could not find `mpmc_bounded_queue` in `sync`
[INFO] [stdout] 
[INFO] [stdout] 
[INFO] [stdout] error[E0412]: cannot find type `int` in this scope
[INFO] [stdout]  --> src/main.rs:3:22
[INFO] [stdout]   |
[INFO] [stdout] 3 | static numListeners: int = 10;
[INFO] [stdout]   |                      ^^^ not found in this scope
[INFO] [stdout] 
[INFO] [stdout] 
[INFO] [stdout] error[E0412]: cannot find type `int` in this scope
[INFO] [stdout]  --> src/main.rs:4:20
[INFO] [stdout]   |
[INFO] [stdout] 4 | static numSenders: int   = 10;
[INFO] [stdout]   |                    ^^^ not found in this scope
[INFO] [stdout] 
[INFO] [stdout] 
[INFO] [stdout] error[E0412]: cannot find type `uint` in this scope
[INFO] [stdout]  --> src/main.rs:5:19
[INFO] [stdout]   |
[INFO] [stdout] 5 | static queueSize: uint   = 10;
[INFO] [stdout]   |                   ^^^^ not found in this scope
[INFO] [stdout] 
[INFO] [stdout] 
[INFO] [stdout] error[E0412]: cannot find type `int` in this scope
[INFO] [stdout]  --> src/main.rs:7:20
[INFO] [stdout]   |
[INFO] [stdout] 7 | fn listen(q: Queue<int>) {
[INFO] [stdout]   |          -         ^^^ not found in this scope
[INFO] [stdout]   |          |
[INFO] [stdout]   |          help: you might be missing a type parameter: `<int>`
[INFO] [stdout] 
[INFO] [stdout] 
[INFO] [stdout] error[E0412]: cannot find type `int` in this scope
[INFO] [stdout]   --> src/main.rs:13:18
[INFO] [stdout]    |
[INFO] [stdout] 13 | fn send(q: Queue<int>) {
[INFO] [stdout]    |        -         ^^^ not found in this scope
[INFO] [stdout]    |        |
[INFO] [stdout]    |        help: you might be missing a type parameter: `<int>`
[INFO] [stdout] 
[INFO] [stdout] 
[INFO] [stdout] error[E0412]: cannot find type `int` in this scope
[INFO] [stdout]   --> src/main.rs:20:21
[INFO] [stdout]    |
[INFO] [stdout] 20 |     let q = Queue::<int>::with_capacity(10);
[INFO] [stdout]    |                     ^^^ not found in this scope
[INFO] [stdout] 
[INFO] [stdout] 
[INFO] [stdout] error[E0425]: cannot find function `range` in this scope
[INFO] [stdout]   --> src/main.rs:23:14
[INFO] [stdout]    |
[INFO] [stdout] 23 |     for i in range(0i, numListeners) {
[INFO] [stdout]    |              ^^^^^ not found in this scope
[INFO] [stdout] 
[INFO] [stdout] 
[INFO] [stdout] error[E0425]: cannot find function `spawn` in this scope
[INFO] [stdout]   --> src/main.rs:25:9
[INFO] [stdout]    |
[INFO] [stdout] 25 |         spawn(proc() { listen(q) });
[INFO] [stdout]    |         ^^^^^ not found in this scope
[INFO] [stdout]    |
[INFO] [stdout] help: consider importing this function
[INFO] [stdout]    |
[INFO] [stdout] 1  | use std::thread::spawn;
[INFO] [stdout]    |
[INFO] [stdout] 
[INFO] [stdout] 
[INFO] [stdout] error[E0425]: cannot find function `proc` in this scope
[INFO] [stdout]   --> src/main.rs:25:15
[INFO] [stdout]    |
[INFO] [stdout] 25 |         spawn(proc() { listen(q) });
[INFO] [stdout]    |               ^^^^ not found in this scope
[INFO] [stdout] 
[INFO] [stdout] 
[INFO] [stdout] error[E0425]: cannot find function `range` in this scope
[INFO] [stdout]   --> src/main.rs:29:14
[INFO] [stdout]    |
[INFO] [stdout] 29 |     for i in range(0i, numSenders) {
[INFO] [stdout]    |              ^^^^^ not found in this scope
[INFO] [stdout] 
[INFO] [stdout] 
[INFO] [stdout] error[E0425]: cannot find function `spawn` in this scope
[INFO] [stdout]   --> src/main.rs:31:9
[INFO] [stdout]    |
[INFO] [stdout] 31 |         spawn(proc() { send(q) });
[INFO] [stdout]    |         ^^^^^ not found in this scope
[INFO] [stdout]    |
[INFO] [stdout] help: consider importing this function
[INFO] [stdout]    |
[INFO] [stdout] 1  | use std::thread::spawn;
[INFO] [stdout]    |
[INFO] [stdout] 
[INFO] [stdout] 
[INFO] [stdout] error[E0425]: cannot find function `proc` in this scope
[INFO] [stdout]   --> src/main.rs:31:15
[INFO] [stdout]    |
[INFO] [stdout] 31 |         spawn(proc() { send(q) });
[INFO] [stdout]    |               ^^^^ not found in this scope
[INFO] [stdout] 
[INFO] [stdout] 
[INFO] [stdout] warning: unnecessary braces around function argument
[INFO] [stdout]   --> src/main.rs:25:22
[INFO] [stdout]    |
[INFO] [stdout] 25 |         spawn(proc() { listen(q) });
[INFO] [stdout]    |                      ^^^^^^^^^^^^^ help: remove these braces
[INFO] [stdout]    |
[INFO] [stdout]    = note: `#[warn(unused_braces)]` on by default
[INFO] [stdout] 
[INFO] [stdout] 
[INFO] [stdout] warning: unnecessary braces around function argument
[INFO] [stdout]   --> src/main.rs:31:22
[INFO] [stdout]    |
[INFO] [stdout] 31 |         spawn(proc() { send(q) });
[INFO] [stdout]    |                      ^^^^^^^^^^^ help: remove these braces
[INFO] [stdout] 
[INFO] [stdout] 
[INFO] [stdout] error[E0412]: cannot find type `int` in this scope
[INFO] [stdout]  --> src/main.rs:3:22
[INFO] [stdout]   |
[INFO] [stdout] 3 | static numListeners: int = 10;
[INFO] [stdout]   |                      ^^^ not found in this scope
[INFO] [stdout] 
[INFO] [stdout] 
[INFO] [stdout] error[E0412]: cannot find type `int` in this scope
[INFO] [stdout]  --> src/main.rs:4:20
[INFO] [stdout]   |
[INFO] [stdout] 4 | static numSenders: int   = 10;
[INFO] [stdout]   |                    ^^^ not found in this scope
[INFO] [stdout] 
[INFO] [stdout] 
[INFO] [stdout] error[E0412]: cannot find type `uint` in this scope
[INFO] [stdout]  --> src/main.rs:5:19
[INFO] [stdout]   |
[INFO] [stdout] 5 | static queueSize: uint   = 10;
[INFO] [stdout]   |                   ^^^^ not found in this scope
[INFO] [stdout] 
[INFO] [stdout] 
[INFO] [stdout] error[E0412]: cannot find type `int` in this scope
[INFO] [stdout]  --> src/main.rs:7:20
[INFO] [stdout]   |
[INFO] [stdout] 7 | fn listen(q: Queue<int>) {
[INFO] [stdout]   |          -         ^^^ not found in this scope
[INFO] [stdout]   |          |
[INFO] [stdout]   |          help: you might be missing a type parameter: `<int>`
[INFO] [stdout] 
[INFO] [stdout] 
[INFO] [stdout] error[E0412]: cannot find type `int` in this scope
[INFO] [stdout]   --> src/main.rs:13:18
[INFO] [stdout]    |
[INFO] [stdout] 13 | fn send(q: Queue<int>) {
[INFO] [stdout]    |        -         ^^^ not found in this scope
[INFO] [stdout]    |        |
[INFO] [stdout]    |        help: you might be missing a type parameter: `<int>`
[INFO] [stdout] 
[INFO] [stdout] 
[INFO] [stdout] error[E0412]: cannot find type `int` in this scope
[INFO] [stdout]   --> src/main.rs:20:21
[INFO] [stdout]    |
[INFO] [stdout] 20 |     let q = Queue::<int>::with_capacity(10);
[INFO] [stdout]    |                     ^^^ not found in this scope
[INFO] [stdout] 
[INFO] [stdout] 
[INFO] [stdout] error[E0425]: cannot find function `range` in this scope
[INFO] [stdout]   --> src/main.rs:23:14
[INFO] [stdout]    |
[INFO] [stdout] 23 |     for i in range(0i, numListeners) {
[INFO] [stdout]    |              ^^^^^ not found in this scope
[INFO] [stdout] 
[INFO] [stdout] 
[INFO] [stdout] error[E0425]: cannot find function `spawn` in this scope
[INFO] [stdout]   --> src/main.rs:25:9
[INFO] [stdout]    |
[INFO] [stdout] 25 |         spawn(proc() { listen(q) });
[INFO] [stdout]    |         ^^^^^ not found in this scope
[INFO] [stdout]    |
[INFO] [stdout] help: consider importing this function
[INFO] [stdout]    |
[INFO] [stdout] 1  | use std::thread::spawn;
[INFO] [stdout]    |
[INFO] [stdout] 
[INFO] [stdout] 
[INFO] [stdout] error[E0425]: cannot find function `proc` in this scope
[INFO] [stdout]   --> src/main.rs:25:15
[INFO] [stdout]    |
[INFO] [stdout] 25 |         spawn(proc() { listen(q) });
[INFO] [stdout]    |               ^^^^ not found in this scope
[INFO] [stdout] 
[INFO] [stdout] 
[INFO] [stdout] error[E0425]: cannot find function `range` in this scope
[INFO] [stdout]   --> src/main.rs:29:14
[INFO] [stdout]    |
[INFO] [stdout] 29 |     for i in range(0i, numSenders) {
[INFO] [stdout]    |              ^^^^^ not found in this scope
[INFO] [stdout] 
[INFO] [stdout] 
[INFO] [stdout] error[E0425]: cannot find function `spawn` in this scope
[INFO] [stdout]   --> src/main.rs:31:9
[INFO] [stdout]    |
[INFO] [stdout] 31 |         spawn(proc() { send(q) });
[INFO] [stdout]    |         ^^^^^ not found in this scope
[INFO] [stdout]    |
[INFO] [stdout] help: consider importing this function
[INFO] [stdout]    |
[INFO] [stdout] 1  | use std::thread::spawn;
[INFO] [stdout]    |
[INFO] [stdout] 
[INFO] [stdout] 
[INFO] [stdout] error[E0425]: cannot find function `proc` in this scope
[INFO] [stdout]   --> src/main.rs:31:15
[INFO] [stdout]    |
[INFO] [stdout] 31 |         spawn(proc() { send(q) });
[INFO] [stdout]    |               ^^^^ not found in this scope
[INFO] [stdout] 
[INFO] [stdout] 
[INFO] [stdout] warning: unnecessary braces around function argument
[INFO] [stdout]   --> src/main.rs:25:22
[INFO] [stdout]    |
[INFO] [stdout] 25 |         spawn(proc() { listen(q) });
[INFO] [stdout]    |                      ^^^^^^^^^^^^^ help: remove these braces
[INFO] [stdout]    |
[INFO] [stdout]    = note: `#[warn(unused_braces)]` on by default
[INFO] [stdout] 
[INFO] [stdout] 
[INFO] [stdout] error: aborting due to 17 previous errors; 2 warnings emitted
[INFO] [stdout] 
[INFO] [stdout] 
[INFO] [stdout] Some errors have detailed explanations: E0412, E0425, E0432.
[INFO] [stdout] 
[INFO] [stdout] For more information about an error, try `rustc --explain E0412`.
[INFO] [stdout] 
[INFO] [stdout] warning: unnecessary braces around function argument
[INFO] [stdout]   --> src/main.rs:31:22
[INFO] [stdout]    |
[INFO] [stdout] 31 |         spawn(proc() { send(q) });
[INFO] [stdout]    |                      ^^^^^^^^^^^ help: remove these braces
[INFO] [stdout] 
[INFO] [stdout] 
[INFO] [stderr] error: could not compile `Babel-Router`.
[INFO] [stderr] 
[INFO] [stderr] To learn more, run the command again with --verbose.
[INFO] [stderr] warning: build failed, waiting for other jobs to finish...
[INFO] [stdout] error: aborting due to 17 previous errors; 2 warnings emitted
[INFO] [stdout] 
[INFO] [stdout] 
[INFO] [stdout] Some errors have detailed explanations: E0412, E0425, E0432.
[INFO] [stdout] 
[INFO] [stdout] For more information about an error, try `rustc --explain E0412`.
[INFO] [stdout] 
[INFO] [stderr] error: build failed
[INFO] running `Command { std: "docker" "inspect" "fdac9a375c3cdb4eaca2c62d51857440fda824ce8d9ec7d954380de36ec3dc1a", kill_on_drop: false }`
[INFO] running `Command { std: "docker" "rm" "-f" "fdac9a375c3cdb4eaca2c62d51857440fda824ce8d9ec7d954380de36ec3dc1a", kill_on_drop: false }`
[INFO] [stdout] fdac9a375c3cdb4eaca2c62d51857440fda824ce8d9ec7d954380de36ec3dc1a
